l?
15
Let g(x) = -4*x**2 + 5*x + 4. Let p(a) = 0 + 9 - 5*a**2 + 6*a - 4. Let h(j) = -4*g(j) + 3*p(j). Let n be h(-3). What is the greatest common factor of n and 14?
14
Let m be 0 + (200 - (1 - -1)). What is the greatest common factor of m and 18?
18
Let g(r) = -r**3 + 5*r**2 + 3*r - 1. Let c be g(5). Let k be 1/(c/4 - 3). Let j(q) = 5*q + 2. Let y be j(k). What is the highest common factor of 60 and y?
12
Let v = -2 + 7. Suppose 4*j = j - p - 18, -4*j - v = -5*p. Let t = j + 21. Calculate the greatest common divisor of t and 112.
16
Let m = 102 + 51. What is the highest common factor of m and 17?
17
Let b(g) = 2*g**2 - 4*g. Let u be b(4). Calculate the greatest common factor of 144 and u.
16
Let v = 25 - 23. Suppose c - 20 = -v*w, -4*w + 3*c - 20 = -70. Calculate the greatest common divisor of w and 44.
11
Let p be 0 + -2 + (-92)/(-4). Calculate the greatest common factor of 168 and p.
21
Let b be -6*(-3)/((-27)/(-6)). Suppose -x = 4*j - 59, b*x - 3*j - 183 - 129 = 0. Suppose 0*v - 5*v = -x. What is the highest common divisor of v and 165?
15
Let v = -229 - -328. Calculate the greatest common divisor of v and 9.
9
Suppose 0 = -2*b + 3 - 1. Let j be ((-8)/(-10))/(b/10). Suppose 2 = -u + 3*u, 2*u + 350 = 4*s. What is the greatest common divisor of s and j?
8
Let r(v) = 2*v**2 + v. Let z be r(-2). Calculate the highest common factor of 54 and z.
6
Suppose -5*z + 4*d + 168 = 0, 3*z = 6*z + 4*d - 120. What is the highest common divisor of z and 12?
12
Let t(z) = -z**2 - 25*z - 8. Let f be t(-11). Let y = -86 + f. Suppose 0*x - x + g + 28 = 0, 3*x - 2*g = 80. Calculate the greatest common divisor of y and x.
12
Suppose 44 - 16 = 4*r. Let c(x) = 7*x. Let b(s) = -s**2 + 4*s + 4. Let d be b(4). Let n be c(d). Calculate the highest common divisor of n and r.
7
Suppose 0 = 3*x + 3*p - 2*p - 112, -5*x + 4*p = -215. Let v be x/12 + 3/(-12). Let t be 11/(-2)*(1 - v). Calculate the highest common divisor of t and 121.
11
Let y = 172 - 67. Calculate the highest common divisor of y and 15.
15
Let j(w) = -w**3 - 7*w**2 - 2*w - 2. Let n be j(-5). Let f = n - -108. Calculate the highest common divisor of 6 and f.
6
Let j be (-32)/(-144) + (-2914)/(-9). What is the highest common divisor of j and 12?
12
Let k be 2/(-3 + 1)*-170. Calculate the highest common divisor of 34 and k.
34
Let q be 1256/10 + 4/10. Calculate the greatest common factor of 84 and q.
42
Suppose -18 = -4*n + 14. What is the highest common factor of n and 8?
8
Let r be (-2)/(-5)*185/2. Calculate the greatest common factor of r and 407.
37
Let r = 0 - -2. Let l be (r + -1 + -2)*1. Let t = 11 - l. Calculate the greatest common divisor of t and 60.
12
Suppose 61 + 189 = 5*s. What is the greatest common divisor of s and 10?
10
Let t(c) = -c**2 + 4*c + 4. Suppose 5*v = v + 2*d + 14, -3*v + 14 = 2*d. Let s be t(v). Suppose -47 - 5 = -s*m. What is the highest common divisor of 91 and m?
13
Suppose 11 = -2*r - d - 4*d, -4*r + 3*d = -17. Let v be (-16)/4 - r*-9. Calculate the highest common factor of 112 and v.
14
Suppose l = -4*q + 83, -3*l + 39 = -9*q + 11*q. What is the highest common divisor of q and 6?
3
Let y(b) = -2*b**3 - 2*b**2 - b - 2. Let h be y(-2). Suppose -4*u + h = -2*u. Suppose 1 = u*q - 3. Calculate the greatest common factor of q and 9.
1
Suppose -5*r + 20 = -30. What is the greatest common factor of r and 10?
10
Suppose 4*a - 20 = -0*a. Suppose -65 = a*l - 1025. What is the greatest common divisor of l and 24?
24
Suppose 4*g = -5*y + 310, 5*g + 5*y = -124 + 509. Calculate the greatest common factor of 30 and g.
15
Suppose 2*d - 2*f = d - 8, 0 = f - 2. Let s be (-1 + (-10)/d)*6. What is the greatest common divisor of s and 6?
3
Let o(m) = -m + 8. Let l be o(7). Let t = l - -2. Suppose b + 32 = t*b. What is the greatest common divisor of b and 128?
16
Let s(h) = h**3 + h**2 + 5. Let q be s(0). Let f = q + -1. What is the greatest common divisor of 32 and f?
4
Let w be (2/(-4))/((-1)/396). Calculate the greatest common divisor of w and 22.
22
Suppose 2 = -3*o + 5. Let f be (0/(-2)*o)/2. Suppose 4*c - 178 = -2*r, f*c = -3*c - 15. Calculate the highest common factor of 11 and r.
11
Let n(u) = -u**2 - 12*u. Let j be n(-10). Calculate the highest common divisor of 10 and j.
10
Suppose -2*w = -3*w + 32. Calculate the greatest common divisor of 8 and w.
8
Let q = -1 - -2. Let k = q + -4. Let f be (-2)/k*1*30. Calculate the greatest common divisor of 4 and f.
4
Let a = 1 - -1. Let f be (-1)/a - (-665)/14. Suppose -8 = 3*p - f. What is the greatest common divisor of p and 104?
13
Suppose 18 = 2*d + 4*d. Calculate the greatest common factor of 12 and d.
3
Suppose -3*t = -5*t + 96. Let r be ((-2)/3)/((-2)/t). Calculate the highest common divisor of r and 4.
4
Let a = 5 - -4. Suppose 5*b - 3*q = -0*b + 222, -q - 134 = -3*b. What is the highest common divisor of b and a?
9
Suppose 18 + 22 = -4*v. Let y be (3 + v)/(2 - 1). Let a(o) = -o**2 - 8*o - 6. Let w be a(y). Calculate the highest common factor of 3 and w.
1
Let m be ((-7)/(-3) + -1)*3. Suppose 5*x - 30 = m*d + 8, 0 = -d + 3. Let q = -303 - -328. Calculate the greatest common divisor of x and q.
5
Suppose 3*z = -l + 4, -3*l + 4*z = z. Let p be l - 0 - 1 - -2. Let v be (-3)/p*(-9 + 3). Calculate the greatest common divisor of 9 and v.
9
Let c = -25 + 55. Let y(j) = -j - 3. Let o be y(-4). Let i be -3 + o - (4 - 21). What is the greatest common divisor of c and i?
15
Let p(a) = -a - 7. Let l be ((-9)/1)/(-2 + 3). Let v be p(l). Suppose -v*r = -27 - 23. What is the highest common divisor of 10 and r?
5
Suppose d - 2 = -0*d. Suppose -2*o = d*o - 4. What is the highest common factor of o and 2?
1
Let u be 54 - (-4 + 10 + (0 - 3)). Calculate the greatest common factor of u and 34.
17
Suppose 4 = 3*o - 2*o. Suppose -4*l = -2*l + 4. Let y be 3*((-16)/12 - l). Calculate the greatest common factor of y and o.
2
Suppose x = -0*s + 4*s - 2, 4*x + 8 = 2*s. Suppose 0 = -4*v, -t = 5*v - s*v - 33. Calculate the greatest common divisor of t and 22.
11
Let x = 7 - 2. What is the greatest common factor of x and 55?
5
Suppose -5*r + 94 - 19 = 0. Calculate the highest common factor of 120 and r.
15
Let g = -3 + 8. Suppose 2*z - 10 = -g*n, -n = -4*n - z + 7. Suppose -n*i = -0*i - 36. What is the greatest common divisor of 6 and i?
3
Let r be 1 + -3 + (-4)/(-2). Let t = -2 - r. Let d = t + 16. What is the greatest common divisor of 2 and d?
2
Suppose 34 = -5*q + 184. Calculate the greatest common divisor of 90 and q.
30
Let w = -6 + 4. Let a be (w/(-4))/((-6)/72). Let m be 16 + (0 - a/(-3)). What is the highest common divisor of m and 14?
14
Let o = -34 - -76. Calculate the highest common factor of o and 18.
6
Let o = 2 - 1. Let r be o + -1 + (-103)/(-1). Let m = r + -39. Calculate the highest common divisor of 8 and m.
8
Let h(a) = 8*a**3 + a - 1. Let k be h(1). Suppose 23 - k = 3*r. Suppose 4*o - 21 = r*l + 10, -4*o + 35 = -l. Calculate the highest common divisor of o and 72.
9
Let q(r) = -r**3 - 3*r**2 + 5*r + 1. Let n be q(-4). Let t = n - -4. Suppose 4*d - g = t + 11, 3*d = 3*g + 9. Calculate the greatest common divisor of d and 33.
3
Let m = -35 - -50. Calculate the greatest common factor of m and 3.
3
Suppose -7*r + 54 = -r. What is the highest common factor of 81 and r?
9
Suppose -6*h + 70 = -26. Let n be (-1)/2 - (-264)/h. What is the highest common factor of 80 and n?
16
Suppose -8*a = -9*a + 12. What is the greatest common divisor of a and 60?
12
Let m be (406/21)/((-2)/(-3)). Calculate the greatest common factor of 290 and m.
29
Suppose 3 = 4*j - 6*j - 3*b, 4*b + 4 = 3*j. Let t be (-220)/(-15)*(j + 6). Calculate the greatest common factor of 11 and t.
11
Suppose 21 = 5*o - 24. Let i be 2/(-3) + 114/o. What is the greatest common divisor of 36 and i?
12
Let b(m) = m**2 - 5*m + 4. Let l be b(4). Suppose -2*t + 10 = -l*t. Suppose -q + 120 = t*h + q, -3*h = 5*q - 72. What is the highest common factor of 120 and h?
24
Suppose -29 - 133 = -9*v. Calculate the greatest common divisor of v and 27.
9
Suppose -25*u = -15*u - 850. What is the highest common divisor of u and 5?
5
Suppose -1 - 3 = -m. Let r be ((-6)/m)/((-3)/6). Suppose -r*f + 42 - 9 = 0. Calculate the greatest common factor of 55 and f.
11
Let h be -1*45/25*(0 + -15). Calculate the highest common